s(u) = -9*u + 20. Determine s(13).
-97
Let w(q) = -3*q**2 - 9*q - 3. Determine w(-2).
3
Let y(o) = -o**2 + 26*o + 77. Determine y(30).
-43
Let c(n) = n**2 + 32*n - 18. What is c(-32)?
-18
Let n(m) = -12*m**3 - m**2 + 1. Calculate n(-1).
12
Let w(u) = -u**2 + 28*u - 170. Determine w(8).
-10
Let d(h) = -17*h**2 - 1. What is d(-1)?
-18
Let i(g) = g**3 + 11*g**2 + 16*g + 8. What is i(-8)?
72
Let p(q) = 23*q + 139. Determine p(-5).
24
Let l(h) = h**2 - 5*h + 7. Determine l(3).
1
Let j(x) = -x**3 - 8*x**2 - 7*x - 11. Calculate j(-7).
-11
Let v(a) = a**3 + 4*a**2 + 2*a - 7. Give v(-4).
-15
Let h(r) = 6*r - 85. Determine h(16).
11
Let k(q) = -q + 7. Calculate k(-7).
14
Let d(w) = w**3 - w**2 - 4*w + 2. Calculate d(1).
-2
Let l(z) = -13*z + 16. Calculate l(6).
-62
Let r(o) = o**3 + 8*o**2 - 47*o + 1. Give r(-12).
-11
Let v(p) = -12*p**2 + 61*p - 11. Calculate v(5).
-6
Let r(k) = -k**3 - 7*k**2 - 8*k - 10. Give r(-6).
2
Let w(q) = q**2 + 10*q + 1. Determine w(-8).
-15
Let r(l) = l**2 + 6*l + 9. What is r(-7)?
16
Let t(o) = o. What is t(-5)?
-5
Let l(t) = -t + 24. Give l(11).
13
Let c(f) = -2*f**2 + 72*f + 485. Determine c(-6).
-19
Let s(o) = -o**2 - 4*o + 9. What is s(8)?
-87
Let h(i) = 3*i**2 - 40*i + 4. Give h(13).
-9
Let l(r) = r + 8. Give l(0).
8
Let a(c) = 2*c + 3. Give a(4).
11
Let t(q) = 2*q**2 - 36*q + 24. Determine t(17).
-10
Let q(c) = c**3 - 3*c**2 + 3*c - 7. Give q(0).
-7
Let k(q) = -5*q + 40. Determine k(-4).
60
Let m(g) = -g**2 + 2*g + 13. What is m(7)?
-22
Let d(y) = 86*y + 509. What is d(-6)?
-7
Let l(x) = x**2 - 22*x + 100. Give l(15).
-5
Let m(s) = -6*s + 17. What is m(11)?
-49
Let y(n) = -n**3 + 9*n**2 + 5*n - 41. Determine y(9).
4
Let y(q) = q**3 + 8*q**2 + 9*q + 14. What is y(-7)?
0
Let j(m) = 2*m + 11. Determine j(-9).
-7
Let t(x) = -x - 16. What is t(0)?
-16
Let d(j) = j + 19. Determine d(-4).
15
Let o(c) = 2*c**2 + 1. Calculate o(-1).
3
Let a(y) = y - 11. Calculate a(8).
-3
Let h(c) = c + 37. Calculate h(-11).
26
Let c(o) = -o + 1. Determine c(-16).
17
Let x(f) = 10*f. Determine x(-5).
-50
Let d(w) = -2*w**2 + 35*w - 53. Give d(16).
-5
Let o(a) = -a**2 + 3*a - 5. What is o(-3)?
-23
Let t(b) = 5*b - 89. Determine t(18).
1
Let r(m) = -m**3 - 20*m**2 - 18*m + 14. What is r(-19)?
-5
Let n(u) = u**3 - 7*u**2 - 2*u - 1. What is n(7)?
-15
Let y(t) = -8*t**3 + t**2 - t. Calculate y(1).
-8
Let t(g) = 2*g**2 + 11*g - 7. Determine t(-6).
-1
Let m(h) = -4*h - 15. What is m(-5)?
5
Let h(n) = -18*n - 61. Calculate h(-3).
-7
Let h(m) = -8*m - 15. Determine h(0).
-15
Let u(p) = 10*p + 1. Determine u(-4).
-39
Let h(t) = -t**3 + 3*t**2 + 2*t - 1. Determine h(6).
-97
Let l(c) = c**3 + 7*c**2 + 8*c + 5. Determine l(-6).
-7
Let w(i) = -126*i + 5. Determine w(-1).
131
Let u(h) = -6*h - 56. Calculate u(-9).
-2
Let n(d) = d - 4. What is n(6)?
2
Let h(x) = -x**2 + 11*x - 9. Give h(10).
1
Let t(p) = 4*p**3 - 2*p**2 + 2. Calculate t(2).
26
Let v(j) = -10*j**3 - 8*j**2 - 7*j + 1. What is v(-1)?
10
Let j(k) = -6*k + 17. Give j(-4).
41
Let f(g) = -g**2 - 30*g - 44. What is f(-26)?
60
Let m(o) = -o**3 + 14*o**2 + 17*o + 17. Give m(15).
47
Let z(b) = b**3 - 7*b**2 - 2. What is z(7)?
-2
Let k(r) = r**3 + 4*r**2 + 5*r + 2. Give k(-4).
-18
Let i(r) = -r**3 - 29*r**2 - 25*r + 77. Determine i(-28).
-7
Let f(z) = 3*z + 16. What is f(-6)?
-2
Let z(t) = t**3 - 15*t**2 - 15*t - 11. Calculate z(16).
5
Let m(o) = -o**3 + 6*o**2 + o - 7. Give m(6).
-1
Let m(k) = -2*k - 104. Calculate m(-22).
-60
Let c(a) = a + 6. Calculate c(-7).
-1
Let u(f) = 3*f + 49. What is u(-23)?
-20
Let h(t) = -t**3 + 13*t**2 - 11*t - 12. Determine h(12).
0
Let i(o) = -34*o - 226. Determine i(-6).
-22
Let v(t) = 41*t**2 - 5*t + 2. Calculate v(1).
38
Let f(v) = v + 6. Determine f(14).
20
Let g(k) = -11*k - 275. Calculate g(-25).
0
Let d(b) = -4*b**3 + 2*b**2 + 2*b - 4. Calculate d(0).
-4
Let p(n) = -n**2 - 23*n + 43. Determine p(-19).
119
Let g(d) = -45*d - 9. What is g(-2)?
81
Let g(v) = v**2 - 22. Determine g(-5).
3
Let v(p) = -p - 10. Calculate v(-6).
-4
Let f(s) = 3*s - 22. What is f(14)?
20
Let t(h) = -3*h - 1. Give t(8).
-25
Let g(a) = -a**3 + 7*a**2 + a + 15. What is g(7)?
22
Let w(z) = z**2 - 8*z + 10. What is w(6)?
-2
Let m(v) = -3*v**2 - 59*v + 3. Calculate m(-20).
-17
Let c(j) = 7*j + 9. What is c(0)?
9
Let o(j) = -j**2 - 12*j + 9. What is o(-12)?
9
Let a(h) = -h**2 - 20*h - 18. Give a(-19).
1
Let x(r) = -r**3 + 5*r**2 + 5*r + 3. Calculate x(6).
-3
Let w(l) = 23*l - 41. Calculate w(2).
5
Let g(r) = 15*r**3 - 2*r**2 + 2*r. Calculate g(1).
15
Let a(b) = -b**3 - 4*b**2 + 5*b + 4. Determine a(-5).
4
Let d(v) = 2*v - 1. Give d(3).
5
Let b(k) = k - 6. Calculate b(13).
7
Let r(a) = a**3 - 9*a + 15. Determine r(2).
5
Let h(j) = j**3 + 37*j**2 + 68*j - 74. Calculate h(-35).
-4
Let d(q) = -q**2 + 6*q - 4. Calculate d(5).
1
Let g(c) = c**3 - 14*c**2 - 2*c - 11. Calculate g(14).
-39
Let d(y) = -y**2 + 9*y - 3. Calculate d(9).
-3
Let s(x) = x**2 - 20*x - 29. Determine s(22).
15
Let i(u) = -u - 25. Determine i(0).
-25
Let u(i) = 61*i - 2. Give u(1).
59
Let v(a) = 2*a + 4. Determine v(4).
12
Let a(t) = -20*t**2 + 6*t + 12. Determine a(-2).
-80
Let y(w) = 4*w - 19. Determine y(3).
-7
Let g(a) = -12*a**2 + 92*a + 26. Calculate g(8).
-6
Let l(i) = i**3 - 5*i**2 + 3*i + 1. Calculate l(3).
-8
Let j(t) = t**2 - 5*t - 88. Calculate j(12).
-4
Let u(t) = -8*t - 6. What is u(-2)?
10
Let y(c) = -7*c**2 + 7*c - 4. What is y(2)?
-18
Let x(c) = -2*c**3 + 2*c**2 + 2*c - 3. What is x(2)?
-7
Let y(s) = -2*s**2 - 5*s - 5. What is y(-4)?
-17
Let k(r) = r**3 + 2*r + 1. Calculate k(0).
1
Let j(q) = -q - 5. Give j(-6).
1
Let b(c) = -c**2 - 4*c + 17. What is b(-7)?
-4
Let u(p) = -4*p + 132. Give u(23).
40
Let a(b) = -b**3 - 8*b**2 - 9*b - 14. Give a(-7).
0
Let r(k) = -k + 6. Calculate r(0).
6
Let s(x) = -x**3 + 5*x**2 + 2*x + 12. What is s(5)?
22
Let n(m) = 33*m - 360. Give n(11).
3
Let w(l) = 6*l + 6. What is w(-2)?
-6
Let a(f) = f**2 - 9*f + 11. Determine a(7).
-3
Let x(z) = -z**2 + 21*z - 22. Calculate x(20).
-2
Let t(w) = -w**3 + 6*w**2 + 2*w - 9. Calculate t(5).
26
Let i(v) = v**3 + 6*v**2 + 12*v + 9. Give i(-4).
-7
Let c(l) = -l - 5. What is c(6)?
-11
Let v(s) = s**2 + 2*s - 22. What is v(-8)?
26
Let d(r) = r**3 - 8*r**2 + 17*r - 2. Determine d(6).
28
Let x(i) = i**2 - i - 43. What is x(0)?
-43
Let g(d) = 16*d + 195. Give g(-12).
3
Let q(f) = 2*f**2 - 36*f - 25. Determine q(20).
55
Let w(f) = f + 10. Determine w(0).
10
Let q(a) = a**2 - 9*a - 5. Calculate q(10).
5
Let v(p) = p**3 + 8*p**2 - p - 19. What is v(-8)?
-11
Let i(p) = -p**2 - 8*p + 9. Calculate i(-10).
-11
Let x(j) = j**2 - 12*j + 14. Calculate x(13).
27
Let n(q) = -q**3 + 16*q**2 + 59*q - 38. Give n(19).
0
Let z(j) = -j**3 + 3*j**2 + 8*j - 23. What is z(3)?
1
Let k(d) = -d**2 - 4*d + 25. Calculate k(6).
-35
Let d(f) = f**3 + 19*f**2 + 20*f + 26. What is d(-18)?
-10
Let n(d) = -2*d**2 - d + 4. Calculate n(3).
-17
Let i(w) = -w**3 + 5*w**2 - 3*w - 3. Give i(3).
6
Let h(b) = -9*b**2 + 1. Give h(-1).
-8
Let p(t) = -3*t**2 - 27*t + 4. What is p(-11)?
-62
Let s(u) = u + 2. Give s(3).
5
Let q(d) = -3*d + 16. Calculate q(8).
-8
Let g(p) = -p**3 + 21*p**2 + p - 24. Calculate g(21).
-3
Let p(t) = 3*t - 66. Determine p(15).
-21
Let j(p) = -p**2 - 11*p - 9. Determine j(-4).
19
Let z(x) = 5*x - 1. Determine z(-3).
-16
Let k(p) = p**3 + 6*p**2 - p - 12. Give k(-6).
-6
Let b(u) = -7*u**2 + 8*u + 2. Determine b(2).
-10
Let b(a) = 2*a**3 - 2*a + 1. Determine b(2).
13
Let n(f) = f**3 - 2*f**2 - 4*f - 2. Give n(-2).
-10
Let y(m) = 2*m**3 - m**2 - 2. Determine y(-3).
-65
Let t(l) = l**2 + 13*l + 7. Determine t(-12).
-5
Let m(a) = a + 11. Determine m(-12).
-1
Let z(v) = -44*v + 20. Determine z(2).
-68
Let d(l) = -l**3 + 13*l**2 + l - 20. Calculate d(13).
-7
Let s(u) = -u**2 - 5*u - 8. Calculate s(-4).
-4
Let a(o) = o**3 + 5*o**2 + 4*o + 7. Determine a(-4).
7
Let g(n) = -n**2 - 18*n - 84. Give g(-9).
-3
Let n(j) = -j**3 - j**2 - 5*j - 6. Calculate n(-2).
8
Let d(w) = -3*w**2 - w - 3. Give d(-2).
-13
Let a(l) = -3*l**2 + 17*l + 5. What is a(6)?
-1
Let h(s) = -s - 1. Determine h(-2).
1
Let g(n) = n**2 - 3*n - 7. Determine g(6).
11
Let m(w) = -10*w + 9. What is m(1)?
-1
Let d(z) = -z**2 - 3*z + 3. Determine d(-4).
-1
Let l(s) = -s**3 + 25*s**2 - 85*s + 23. Calculate l(21).
2
Let 